2 + 2101200?
2101212
In base 3, what is 2212111 - 101?
2212010
In base 12, what is -2383 + -303?
-2686
In base 4, what is 10022033 - 2?
10022031
In base 8, what is 1 + 23636?
23637
In base 3, what is 102 - 100212200?
-100212021
In base 8, what is -402364 + -1?
-402365
In base 13, what is -1689 - 287?
-1943
In base 12, what is 262b5 - -5?
262ba
In base 10, what is -159 + -2616?
-2775
In base 14, what is -5c6d + -1?
-5c70
In base 12, what is -17322 - 46?
-17368
In base 7, what is 25 - 314256?
-314231
In base 14, what is -48da - 8b?
-4987
In base 3, what is -2 + 10110122211?
10110122202
In base 13, what is -960 - -13?
-94a
In base 11, what is -1514 + 226?
-1299
In base 7, what is -43515563 + 0?
-43515563
In base 11, what is -6 - 1a82?
-1a88
In base 13, what is 4 - -b598?
b59c
In base 16, what is 0 + 4289?
4289
In base 7, what is 13112 + -20?
13062
In base 14, what is -1214d6 - 4?
-1214da
In base 3, what is 111101002 - -2221?
111111000
In base 14, what is 2c428 + -5?
2c423
In base 11, what is 4 - -2625a?
26263
In base 13, what is -3 + -295a?
-2960
In base 7, what is 13 + 31565?
31611
In base 11, what is 12a + 4?
133
In base 6, what is 35 + -412?
-333
In base 6, what is 112 - -211210?
211322
In base 3, what is 1020222100 - 102?
1020221221
In base 8, what is 5 - 30351?
-30344
In base 6, what is -335 - 1114?
-1453
In base 6, what is 5 + 3251?
3300
In base 13, what is 1b + -166b?
-1650
In base 12, what is 9 - -46b8a?
46b97
In base 6, what is 42 - -521?
1003
In base 5, what is 44210 - 1234?
42421
In base 8, what is -32 - -20203?
20151
In base 13, what is -1 + 40705?
40704
In base 9, what is 613 - 54?
548
In base 16, what is -1810f + -1?
-18110
In base 4, what is 200120000 + -200?
200113200
In base 9, what is -606 + 483?
-113
In base 16, what is 3849a + d?
384a7
In base 7, what is -63603 - 0?
-63603
In base 11, what is -6 - 46871?
-46877
In base 2, what is -10001111110 - 1010100?
-10011010010
In base 3, what is 201212212222 + 2?
201212220001
In base 14, what is -306 + b?
-2d9
In base 10, what is 240 + 1116?
1356
In base 15, what is -2c - -e0b?
dce
In base 15, what is 2e4 + -9b?
248
In base 14, what is 2635d + -5?
26358
In base 4, what is 3 + 13322330?
13322333
In base 16, what is -4 - 2d937?
-2d93b
In base 10, what is -1674561 - 1?
-1674562
In base 3, what is 122111 + -222010?
-22122
In base 2, what is -1000010 + 101110010101?
101101010011
In base 13, what is 9 + 19a1?
19aa
In base 3, what is 12 - 1010000?
-1002211
In base 5, what is -4 - -44021324?
44021320
In base 9, what is 287247 + -1?
287246
In base 4, what is 1320032010 + -2?
1320032002
In base 14, what is 1db18a + -3?
1db187
In base 2, what is -10110110100101 + 100110101?
-10110001110000
In base 4, what is 30 + 23223101?
23223131
In base 16, what is -b + -d19?
-d24
In base 4, what is 131 - -2022?
2213
In base 12, what is 22b - -632?
861
In base 8, what is -3 - -5431276?
5431273
In base 7, what is -10 - 16646?
-16656
In base 15, what is -4d8 - -4c?
-48b
In base 13, what is 0 - -184b5?
184b5
In base 7, what is 22 + 253163?
253215
In base 5, what is 1 + -13221413?
-13221412
In base 7, what is -160 + 13115?
12625
In base 8, what is -13 - -5104?
5071
In base 10, what is 449 + 2764?
3213
In base 10, what is -19778 + 0?
-19778
In base 4, what is -1123233 + 12012?
-1111221
In base 12, what is -122 - -831?
70b
In base 2, what is 1000010101000011110 + 1?
1000010101000011111
In base 2, what is 1000000 - -10101011001?
10110011001
In base 16, what is 2d + -17e4?
-17b7
In base 12, what is -4 + -84a4?
-84a8
In base 16, what is 1 - 6b577?
-6b576
In base 12, what is 0 - -3a230?
3a230
In base 13, what is 7 + -b62?
-b58
In base 15, what is -9 + b4d?
b44
In base 3, what is 11002 - 202020?
-121011
In base 3, what is 101110 - -1002212?
1111022
In base 7, what is 1 + 14113443?
14113444
In base 15, what is 3926 + 0?
3926
In base 5, what is -243 + -243?
-1041
In base 8, what is -54 - -12504?
12430
In base 16, what is -fd7a + -4?
-fd7e
In base 8, what is -5 - 131101?
-131106
In base 7, what is -2036642 - -2?
-2036640
In base 16, what is 1 + 1e66f3?
1e66f4
In base 6, what is -10434 + -101?
-10535
In base 13, what is -278 + 35?
-243
In base 4, what is -1120333002 + -2?
-1120333010
In base 4, what is 12333012 - 110?
12332302
In base 7, what is -23140 - 5?
-23145
In base 7, what is -3 - -2002530?
2002524
In base 9, what is -83 + 18?
-64
In base 6, what is -3 - 110235?
-110242
In base 10, what is 866 - -61?
927
In base 15, what is a4c2 + -5?
a4bc
In base 12, what is -9 + -20a90?
-20a99
In base 16, what is 1 + -2f8d?
-2f8c
In base 10, what is -2 + -2054?
-2056
In base 14, what is -5228 + 206?
-5022
In base 3, what is 0 + 1100220010112?
1100220010112
In base 13, what is 63b - -51?
68c
In base 5, what is 1243202400 + 1?
1243202401
In base 7, what is -522 + -5?
-530
In base 3, what is 12 + 1021222110?
1021222122
In base 15, what is -17a9b - 2?
-17a9d
In base 5, what is -3 + -13430410?
-13430413
In base 13, what is -717416 + -1?
-717417
In base 16, what is -1b7b5 - -4?
-1b7b1
In base 7, what is -100 - -3465?
3365
In base 5, what is 32 + -3333230?
-3333143
In base 6, what is -1 - 45505?
-45510
In base 14, what is 7bd1 + -60?
7b71
In base 14, what is -7 + 478a?
4783
In base 8, what is -5 + 63051?
63044
In base 8, what is -2 - 2163740?
-2163742
In base 9, what is 10640 - 18?
10621
In base 5, what is 11003 + 4042?
20100
In base 3, what is -2022001 + -110?
-2022111
In base 13, what is -3b12 - 35?
-3b47
In base 10, what is 96964 - -4?
96968
In base 10, what is 15841 + -19?
15822
In base 13, what is 20c + 31?
240
In base 5, what is 1 - -10401124?
10401130
In base 15, what is -9ca4 - -e?
-9c95
In base 10, what is -5 - -64495?
64490
In base 16, what is 59d8 + -7?
59d1
In base 7, what is -4 + 505561?
505554
In base 4, what is 1100 - -113323?
121023
In base 16, what is -c99e + 1?
-c99d
In base 7, what is 140 - -11564?
12034
In base 7, what is 511 - 145?
333
In base 14, what is -1 - -8697?
8696
In base 6, what is -2104 + -31?
-2135
In base 15, what is a8d + 234?
cc2
In base 14, what is 2d - -2d2?
321
In base 9, what is -14 - 53640?
-53654
In base 4, what is 213 + 11213221?
11220100
In base 7, what is -32306 + -3?
-32312
In base 13, what is 149 - 3a4?
-258
In base 5, what is 1443 - -404?
2402
In base 8, what is 6540 - -412?
7152
In base 2, what is 111000101 - 1010000100?
-10111111
In base 3, what is 20000 + 1101?
21101
In base 10, what is -283 - -143?
-140
In base 14, what is 2 - 1b65d?
-1b65b
In base 7, what is -304 - -1050?
443
In base 12, what is 199b15 - -2?
199b17
In base 15, what is -4553a + 6?
-45534
In base 11, what is -89096 + -2?
-89098
In base 4, what is 2210323003 - 3?
2210323000
In base 9, what is 37503 + -58?
37434
In base 5, what is -1 - -233124?
233123
In base 15, what is 0 + -104ee0?
-104ee0
In base 13, what is 4cc9 + -1a?
4cac
In base 5, what is 4330 + 441?
10321
In base 10, what is -5708 - 1859?
-7567
In base 12, what is -2a - -a78?
a4a
In base 6, what is -2 - 5420102?
-5420104
In base 6, what is 112345125 + -4?
112345121
In base 3, what is -2 - 210100002121?
-210100002200
In base 3, what is 2 + -2211211?
-2211202
In base 2, what is 1000000 + 1101011101?
1110011101
In base 5, what is 2210 - -30131?
32341
In base 10, what is -5 - -7180?
7175
In base 6, what is -1223 + -1041?
-2304
In base 12, what is 0 - -19480?
19480
In base 12, what is -6 - 68ab?
-68b5
In base 7, what is -1411055 - 1?
-1411056
In base 16, what is 4 + -165e8?
-165e4
In base 5, what is 2214241 - 3?
2214233
In base 4, what is 3210 - 30131?
-20321
In base 6, what is 245 + 243?
532
In base 7, what is 31323 + -332?
30661
In base 15, what is 430 - -57?
487
In base 5, what is 3 + -221123011?
-221123003
In base 12, what is 0 + 526ba?
526ba
In base 4, what is 3121 - 131332?
-122211
In base 3, what is -1001101 + -110?
-1001211
In base 10, what is -2 - 1399858?
-1399860
In base 14, what is 45b5 - 3?
45b2
In base 14, what is 5 + -15168?
-15163
In base 4, what is 33 - 1300123?
-1300030
In base 2, what is 1111101 - -100010001101?
100100001010
In base 10, what is -1 - -61?
60
In base 16, what is d1fe + -1?
d1fd
In base 15, what is -198535 - -4?
-198531
In base 5, what is 110323132 - 10?
110323122
In base 8, what is 14534 - -3?
14537
In base 2, what is -1000100101100001